977. Give c(1).
45
Let y(k) = -k**2 - 6992*k + 98036. Determine y(14).
-48
Let f(t) = -16206*t + 129099. What is f(8)?
-549
Let c(z) = 1384*z - 7236. Determine c(5).
-316
Let c(s) = s**3 + 6*s**2 - 194*s + 699. Calculate c(7).
-22
Let h(w) = 2*w**3 - 1143*w**2 + 668*w + 470. Determine h(1).
-3
Let r(x) = -6738*x - 1003960. Give r(-149).
2
Let p(q) = 14*q**2 + 12445*q + 122172. Calculate p(-879).
-9
Let u(z) = 5*z**2 - 2059*z - 306790. What is u(528)?
-22
Let j(w) = -1117*w + 183463. Determine j(165).
-842
Let h(n) = -n**3 + 63*n**2 + 214*n - 42129. Calculate h(51).
-3
Let i(r) = -r**3 - 26*r**2 - 211*r - 2217. Determine i(-21).
9
Let j(m) = m**2 - 22199*m - 110990. Calculate j(-5).
30
Let m(p) = -667*p**2 - 107388*p - 167. Give m(-161).
-6
Let p(w) = 6*w**2 - 128*w + 281. Give p(16).
-231
Let i(d) = 2*d**3 + 57*d**2 - 1240*d - 35498. Determine i(-28).
6
Let u(l) = -14422*l + 2192160. What is u(152)?
16
Let f(i) = 3*i**2 + 842*i + 41599. What is f(-64)?
-1
Let s(d) = -8191*d + 8043633. Calculate s(982).
71
Let g(m) = -m**3 + 118*m**2 - 213*m + 25141. Determine g(118).
7
Let d(w) = w**3 + 7*w**2 - 1869*w - 7534. Determine d(-4).
-10
Let b(y) = 2*y**2 - 41*y - 834. What is b(-13)?
37
Let m(a) = 1121926*a - 12341200. Give m(11).
-14
Let p(g) = 4996*g - 24846. Determine p(5).
134
Let p(i) = -i**2 - 236*i + 4039. Give p(16).
7
Let d(j) = 2104*j + 47780. Calculate d(-24).
-2716
Let g(n) = -4*n**2 - 224919*n + 4049831. Calculate g(18).
-7
Let r(n) = -7*n**3 - 239*n**2 - 710*n + 38. Determine r(-3).
206
Let b(y) = 9*y**2 + 1083*y + 18298. What is b(-100)?
-2
Let g(j) = -131*j + 4684. What is g(37)?
-163
Let k(b) = -b**3 - 85*b**2 + 28*b + 9417. What is k(-84)?
9
Let p(f) = -54*f**2 + 2683*f - 1800. Determine p(49).
13
Let q(a) = -2*a**2 - 63*a + 3085. What is q(-32)?
3053
Let h(v) = 23*v**2 - 569*v - 113. Determine h(25).
37
Let l(x) = 3932*x - 9347. Give l(3).
2449
Let h(s) = -8*s**2 - 2834*s + 16534. Determine h(-360).
-26
Let v(q) = 7*q**3 - 98*q**2 + 150*q - 2078. Determine v(14).
22
Let y(h) = -1588*h**2 + 17515*h - 511. What is y(11)?
6
Let a(l) = -40*l**2 + 2641*l - 7934. Determine a(3).
-371
Let a(r) = r**3 - 193*r**2 + 200*r - 1447. Give a(192).
89
Let q(t) = 5*t**2 + 20*t + 212. What is q(-8)?
372
Let k(b) = -239*b**3 - 732*b**2 - 67*b - 207. Give k(-3).
-141
Let k(t) = -8064*t + 137152. Calculate k(17).
64
Let g(j) = 5*j**2 - 4033*j - 12143. What is g(-3)?
1
Let a(u) = 164423*u - 5425961. Give a(33).
-2
Let s(l) = -33*l**2 + 806*l - 31. Give s(24).
305
Let x(w) = 2*w**3 - 6*w**2 + 30*w - 87. Give x(7).
515
Let a(h) = -6457*h + 90140. What is a(14)?
-258
Let z(j) = 22*j**2 + 2511*j + 156. Give z(-114).
-186
Let r(x) = -49634*x + 1141523. Give r(23).
-59
Let w(d) = -534*d + 10415. Determine w(10).
5075
Let k(f) = -f**3 + 10*f**2 + 8*f + 179. What is k(12)?
-13
Let h(b) = b**3 - 6*b**2 - 39*b - 138. What is h(-5)?
-218
Let p(d) = 577*d**2 - 66935*d + 342. Give p(116).
-6
Let o(n) = -79991*n - 479948. Determine o(-6).
-2
Let i(q) = 2*q**2 + 13745*q - 165310. What is i(12)?
-82
Let z(t) = -2462*t + 87. What is z(0)?
87
Let o(u) = 10*u**3 - 551*u**2 + 55*u - 5. What is o(55)?
-5
Let n(j) = 39143*j - 2152860. What is n(55)?
5
Let s(v) = 75*v**3 + 824*v**2 - 7*v + 43. Determine s(-11).
-1
Let q(u) = u**3 - 4*u**2 - 264*u + 1736. What is q(7)?
35
Let h(i) = 752*i - 523365. Calculate h(696).
27
Let h(d) = -223*d**2 - 12037*d + 263. Determine h(-54).
-7
Let d(n) = n**3 - 35*n**2 + 113*n - 3200. Calculate d(38).
5426
Let r(a) = 12*a**2 - 2660*a + 5325. Calculate r(2).
53
Let q(k) = k**3 + 10*k**2 - 1201*k + 16. Calculate q(30).
-14
Let d(z) = z**3 + 336*z**2 + 2284*z - 6207. Give d(-329).
44
Let f(b) = 5*b**2 + 21*b - 203. Calculate f(6).
103
Let y(a) = -76*a**2 + 5152*a + 1026. What is y(68)?
-62
Let h(l) = 23674*l - 165814. Calculate h(7).
-96
Let d(c) = 45329*c - 3852950. Calculate d(85).
15
Let s(o) = o**3 + 177*o**2 + 2265*o + 21811. What is s(-164)?
-1
Let k(i) = 11*i**3 - 77*i**2 + 76*i - 70. What is k(6)?
-10
Let p(z) = -z**2 - 19*z + 584. Determine p(20).
-196
Let j(k) = -73*k**2 + 5774*k - 34656. Calculate j(6).
-2640
Let l(z) = 66976*z - 669760. Calculate l(10).
0
Let v(c) = 60*c + 8285. Calculate v(-109).
1745
Let o(t) = -623*t + 88103. Calculate o(141).
260
Let m(p) = -172*p**2 - 860*p + 35. Determine m(-4).
723
Let i(b) = 79*b - 1028. Determine i(15).
157
Let o(m) = 3*m**3 + 503*m**2 + 348*m + 1349. Calculate o(-167).
-989
Let h(q) = -q**3 + 57*q**2 + 250*q + 29. Determine h(-4).
5
Let o(i) = 1743*i**2 - 12289*i + 53. Determine o(7).
-563
Let h(d) = d**2 + 1274*d + 33675. Calculate h(-27).
6
Let r(l) = 3110*l**2 + 143053*l - 381. Determine r(-46).
-59
Let u(h) = -14*h**2 - 179*h - 332. Calculate u(-9).
145
Let g(y) = -24487*y + 783578. Give g(32).
-6
Let v(p) = -15*p**2 + 7184*p - 69874. Determine v(469).
7
Let d(x) = -3*x**3 + 3*x**2 + 9262*x - 18523. What is d(2)?
-11
Let h(w) = 204*w**2 - 105063*w + 1545. Calculate h(515).
0
Let b(u) = 2806*u + 378810. Calculate b(-135).
0
Let i(p) = 3*p**3 + 4*p**2 - 226*p - 704. Determine i(-3).
-71
Let m(i) = i**2 + 4062*i - 57070. What is m(14)?
-6
Let q(k) = -2090*k - 2556. What is q(-2)?
1624
Let g(r) = -2*r**2 - 2059*r - 527746. Calculate g(-548).
-22
Let h(w) = -1339*w - 1277. Give h(-2).
1401
Let s(x) = -x**3 + 6*x**2 - 512*x + 6921. Calculate s(13).
-918
Let r(x) = -6*x**2 + 155*x + 2490. What is r(37)?
11
Let l(f) = -f**3 + 7*f**2 + 10*f - 256. What is l(0)?
-256
Let y(m) = m**3 - 418*m**2 + 2950*m - 552. Calculate y(7).
-41
Let a(h) = -4*h**3 - 38*h**2 - 22*h + 23. Determine a(-10).
443
Let w(a) = -182*a**3 + 11*a**2 + 13*a - 25. Determine w(1).
-183
Let x(b) = -164*b**3 + 1465*b**2 + 125*b - 231. Give x(9).
3
Let m(h) = -6424*h - 282672. What is m(-44)?
-16
Let z(j) = -17*j**3 - 120*j**2 - 185*j - 40. What is z(-5)?
10
Let b(t) = t**2 - 1063*t - 20470. What is b(-19)?
88
Let l(x) = 4358*x + 12996. Calculate l(-3).
-78
Let x(b) = b**2 - 78713*b - 1023437. What is x(-13)?
1
Let l(v) = 958*v**2 - 13403*v - 35. Calculate l(14).
91
Let i(a) = 1637*a + 17842. Calculate i(-11).
-165
Let a(m) = 363*m + 4006. What is a(-11)?
13
Let l(t) = -39*t + 11897. What is l(303)?
80
Let w(c) = -136*c**2 - 578*c + 512. Calculate w(-5).
2
Let n(y) = 31*y**2 + 158*y - 643. Determine n(4).
485
Let a(n) = -18*n**3 - 7*n**2 - 288*n - 1154. Give a(-4).
1038
Let x(v) = -334*v**3 - 15699*v**2 - 46*v + 37. Give x(-47).
-10
Let g(v) = -7*v**2 + 1831*v + 68051. Determine g(-33).
5
Let t(z) = z**3 + 153*z**2 + 1436*z + 60403. Give t(-146).
-41
Let u(k) = -3003*k + 1360343. Calculate u(453).
-16
Let m(u) = -11*u**2 + 580*u + 800. What is m(55)?
-575
Let x(a) = -a**3 - 142*a**2 + 2530*a + 324. Determine x(-158).
8
Let u(r) = 62822*r + 1067990. What is u(-17)?
16
Let p(z) = -z**3 - 181*z**2 - 1230*z - 2480. Give p(-174).
-392
Let g(o) = -5*o**3 - 17*o**2 + 98*o + 115. Calculate g(-6).
-5
Let y(i) = -35608*i - 1531167. What is y(-43)?
-23
Let w(m) = 19*m**2 + 398*m - 1582. Give w(4).
314
Let n(y) = -19*y**2 - 63*y - 837. What is n(-11)?
-2443
Let n(u) = 16*u**2 + 205*u + 123. Give n(-13).
162
Let q(a) = -2*a**3 - 134*a**2 + 1239*a - 43. What is q(9)?
-1204
Let p(y) = -1098*y - 63654. Determine p(-58).
30
Let b(r) = -r**3 - 558*r**2 - 64602*r + 5439. Determine b(-394).
-77
Let x(g) = 15*g**2 + 1504*g + 24314. What is x(-80)?
-6
Let i(f) = -f**2 - 16881*f - 320388. What is i(-19)?
-10
Let m(d) = -26*d**2 - 989*d + 34345. What is m(22)?
3
Let r(z) = 901*z + 9217. Give r(-10).
207
Let l(y) = -965*y + 4852. Give l(11).
-5763
Let p(x) = 6*x**3 + 569*x**2 + 1009*x - 1282. Calculate p(-93).
20
Let g(s) = -2*s**3 + 13*s**2 + 8*s + 962. Give g(11).
-39
Let y(p) = -p**2 + 1404*p - 98482. Give y(74).
-62
Let x(r) = -4*r**2 + 418*r + 173. Give x(104).
381
Let y(m) = 227*m - 24944. Determine y(111).
253
Let x(i) = -3*i**3 + 14*i**2 - 63*i - 396. What is x(-3)?
0
Let c(q) = 2*q**3 + 81*q**2 + 629*q + 130. Calculate c(-30).
160
Let x(p) = 42404*p + 593620. What is x(-14)?
-36
Let l(q) = 9729*q - 59216. What is l(6)?
-842
Let r(u) = u**3 + 165*u**2 + 134*u - 4388. What is r(-164)?
532
Let c(r) = -r**3 - 236*r**2 + 18836*r + 96. Determine c(63).
33
Let i(r) = -r**2 + 108*r - 758. Determine i(110).
-978
Let f(x) = 5*x**3 - 12*x**2 - 71*x - 